 857
What are the prime factors of 36100?
2, 5, 19
What are the prime factors of 13164?
2, 3, 1097
List the prime factors of 2156.
2, 7, 11
List the prime factors of 30458.
2, 97, 157
What are the prime factors of 66072?
2, 3, 2753
List the prime factors of 400.
2, 5
List the prime factors of 20008.
2, 41, 61
List the prime factors of 7367.
53, 139
What are the prime factors of 40167?
3, 4463
List the prime factors of 10462.
2, 5231
List the prime factors of 119.
7, 17
What are the prime factors of 125014?
2, 62507
What are the prime factors of 2303?
7, 47
List the prime factors of 72014.
2, 36007
What are the prime factors of 1520?
2, 5, 19
List the prime factors of 21053.
37, 569
What are the prime factors of 15720?
2, 3, 5, 131
What are the prime factors of 1442?
2, 7, 103
List the prime factors of 67701.
3, 22567
List the prime factors of 8496.
2, 3, 59
List the prime factors of 2234.
2, 1117
List the prime factors of 381.
3, 127
List the prime factors of 169742.
2, 84871
List the prime factors of 59312.
2, 11, 337
What are the prime factors of 3951?
3, 439
List the prime factors of 2302.
2, 1151
List the prime factors of 6380.
2, 5, 11, 29
What are the prime factors of 25?
5
List the prime factors of 69636.
2, 3, 7, 829
What are the prime factors of 1953?
3, 7, 31
List the prime factors of 12843.
3, 1427
List the prime factors of 18880.
2, 5, 59
What are the prime factors of 62902?
2, 7, 4493
List the prime factors of 1235.
5, 13, 19
What are the prime factors of 74607?
3, 13, 1913
What are the prime factors of 4587?
3, 11, 139
List the prime factors of 32368.
2, 7, 17
What are the prime factors of 937?
937
What are the prime factors of 32568?
2, 3, 23, 59
What are the prime factors of 1622?
2, 811
What are the prime factors of 661?
661
What are the prime factors of 12568?
2, 1571
What are the prime factors of 1970?
2, 5, 197
List the prime factors of 957.
3, 11, 29
List the prime factors of 4755.
3, 5, 317
List the prime factors of 2640.
2, 3, 5, 11
What are the prime factors of 16444?
2, 4111
What are the prime factors of 41858?
2, 20929
List the prime factors of 8180.
2, 5, 409
List the prime factors of 583.
11, 53
What are the prime factors of 1696?
2, 53
List the prime factors of 2542.
2, 31, 41
List the prime factors of 1237.
1237
What are the prime factors of 398?
2, 199
What are the prime factors of 55102?
2, 27551
List the prime factors of 4922.
2, 23, 107
List the prime factors of 64048.
2, 4003
What are the prime factors of 1372?
2, 7
List the prime factors of 2029.
2029
List the prime factors of 121.
11
What are the prime factors of 569?
569
What are the prime factors of 1234?
2, 617
List the prime factors of 58533.
3, 109, 179
What are the prime factors of 325?
5, 13
What are the prime factors of 822?
2, 3, 137
List the prime factors of 440.
2, 5, 11
What are the prime factors of 46763?
101, 463
List the prime factors of 1316.
2, 7, 47
What are the prime factors of 2715?
3, 5, 181
List the prime factors of 871.
13, 67
What are the prime factors of 26367?
3, 11, 17, 47
List the prime factors of 124567.
124567
List the prime factors of 16117.
71, 227
List the prime factors of 1269.
3, 47
List the prime factors of 13250.
2, 5, 53
List the prime factors of 395.
5, 79
List the prime factors of 2796.
2, 3, 233
List the prime factors of 19587.
3, 6529
What are the prime factors of 5117?
7, 17, 43
List the prime factors of 4329.
3, 13, 37
List the prime factors of 1976.
2, 13, 19
List the prime factors of 2728.
2, 11, 31
List the prime factors of 1264.
2, 79
What are the prime factors of 8766?
2, 3, 487
List the prime factors of 59861.
31, 1931
What are the prime factors of 24408?
2, 3, 113
What are the prime factors of 74804?
2, 18701
What are the prime factors of 2548?
2, 7, 13
List the prime factors of 7691.
7691
List the prime factors of 5046.
2, 3, 29
What are the prime factors of 2451?
3, 19, 43
List the prime factors of 137228.
2, 7, 13, 29
What are the prime factors of 99907?
99907
List the prime factors of 42509.
42509
List the prime factors of 74350.
2, 5, 1487
List the prime factors of 4134.
2, 3, 13, 53
List the prime factors of 1118.
2, 13, 43
List the prime factors of 134018.
2, 113, 593
What are the prime factors of 58102?
2, 11, 19, 139
What are the prime factors of 1500?
2, 3, 5
List the prime factors of 518.
2, 7, 37
What are the prime factors of 905?
5, 181
What are the prime factors of 5984?
2, 11, 17
What are the prime factors of 41141?
41141
What are the prime factors of 4961?
11, 41
What are the prime factors of 33589?
33589
List the prime factors of 41203.
41203
What are the prime factors of 841?
29
List the prime factors of 7345.
5, 13, 113
What are the prime factors of 870?
2, 3, 5, 29
What are the prime factors of 3654?
2, 3, 7, 29
What are the prime factors of 1139?
17, 67
List the prime factors of 32845.
5, 6569
List the prime factors of 7511.
7, 29, 37
What are the prime factors of 6080?
2, 5, 19
List the prime factors of 4001.
4001
List the prime factors of 217.
7, 31
List the prime factors of 590.
2, 5, 59
List the prime factors of 59485.
5, 11897
What are the prime factors of 1655?
5, 331
List the prime factors of 7884.
2, 3, 73
List the prime factors of 12223.
17, 719
What are the prime factors of 821?
821
What are the prime factors of 3504?
2, 3, 73
What are the prime factors of 20376?
2, 3, 283
List the prime factors of 3828.
2, 3, 11, 29
List the prime factors of 2192.
2, 137
List the prime factors of 25867.
25867
List the prime factors of 10972.
2, 13, 211
List the prime factors of 604.
2, 151
List the prime factors of 48.
2, 3
What are the prime factors of 5304?
2, 3, 13, 17
What are the prime factors of 7107?
3, 23, 103
What are the prime factors of 18517?
18517
List the prime factors of 431.
431
What are the prime factors of 2863?
7, 409
What are the prime factors of 2760?
2, 3, 5, 23
What are the prime factors of 884?
2, 13, 17
What are the prime factors of 10096?
2, 631
What are the prime factors of 27028?
2, 29, 233
List the prime factors of 5806.
2, 2903
List the prime factors of 1335.
3, 5, 89
What are the prime factors of 42644?
2, 7, 1523
List the prime factors of 804.
2, 3, 67
List the prime factors of 32628.
2, 3, 2719
List the prime factors of 21501.
3, 2389
What are the prime factors of 53901?
3, 53, 113
What are the prime factors of 21447?
3, 2383
List the prime factors of 779.
19, 41
List the prime factors of 12132.
2, 3, 337
List the prime factors of 5631.
3, 1877
What are the prime factors of 165591?
3, 6133
What are the prime factors of 103153?
29, 3557
List the prime factors of 3522.
2, 3, 587
What are the prime factors of 2836?
2, 709
What are the prime factors of 105791?
7, 17, 127
What are the prime factors of 2873?
13, 17
List the prime factors of 10629.
3, 1181
What are the prime factors of 13407?
3, 41, 109
What are the prime factors of 1630?
2, 5, 163
List the prime factors of 7807.
37, 211
List the prime factors of 3344.
2, 11, 19
What are the prime factors of 29711?
11, 37, 73
What are the prime factors of 397?
397
What are the prime factors of 128?
2
List the prime factors of 1759.
1759
What are the prime factors of 1143?
3, 127
What are the prime factors of 2018?
2, 1009
List the prime factors of 186.
2, 3, 31
List the prime factors of 3891.
3, 1297
List the prime factors of 58218.
2, 3, 31, 313
What are the prime factors of 77737?
11, 37, 191
What are the prime factors of 8184?
2, 3, 11, 31
What are the prime factors of 1132?
2, 283
List the prime factors of 623.
7, 89
What are the prime factors of 35997?
3, 13, 71
What are the prime factors of 1111?
11, 101
List the prime factors of 61319.
17, 3607
What are the prime factors of 10437?
3, 7, 71
What are the prime factors of 77537?
17, 4561
What are the prime factors of 14197?
14197
What are the prime factors of 14449?
14449
List the prime factors of 771.
3, 257
List the prime factors of 13486.
2, 11, 613
What are the prime factors of 10326?
2, 3, 1721
What are the prime factors of 2741?
2741
What are the prime factors of 5788?
2, 1447
What are the prime factors of 474?
2, 3, 79
What are the prime factors of 1444?
2, 19
What are the prime factors of 1412?
2, 353
List the prime factors of 1143.
3, 127
What are t